 y(-20).
2, 43
Let a = -703 + 488. Let g = a + 421. List the prime factors of g.
2, 103
Let i(w) = 8*w**3 - 1. Let h be i(-1). Let b = 9 + h. What are the prime factors of 66/3 + (1 - b)?
23
Suppose 21 + 4 = -2*u - 3*k, -59 = 4*u - 3*k. Let j(a) = -4*a + 17. List the prime factors of j(u).
73
Let h = 178 + -82. Let k = h - 160. Let z = k - -95. What are the prime factors of z?
31
Suppose 0 = 58*l - 56*l - 2288. List the prime factors of l.
2, 11, 13
Suppose -2*s + 0*y - 9 = 5*y, 0 = 5*s + y - 12. Suppose -z = -0*z + 1, -5*o - s*z + 652 = 0. List the prime factors of o.
131
Suppose -20*y + 13*y + 3829 = 0. List the prime factors of y.
547
Suppose 5473 + 19997 = 30*z. List the prime factors of z.
3, 283
List the prime factors of (80/(-60))/(12/(-41103)).
4567
Let r(y) = y**3 - 15*y**2 + 26*y + 6. What are the prime factors of r(19)?
2, 3
Suppose 0*r = 5*r, -2*o - 18 = r. Suppose 165 = -y + 4*y - 4*f, -5*y = f - 252. Let z = y + o. List the prime factors of z.
2, 3, 7
Let i = -687 - -878. What are the prime factors of i?
191
Suppose -13*h + 13152 = 19*h. List the prime factors of h.
3, 137
Let z(r) = -7*r**2 + r + 5 - 3 + 8*r**2. List the prime factors of z(3).
2, 7
Let l(z) = 78*z - 149. What are the prime factors of l(20)?
17, 83
Let k(d) = -d**2 + 5*d + 2. Let c be k(5). Suppose 3*p + 9 = -3*j - 2*j, 2*p = -c*j - 2. List the prime factors of (-3)/(3*p/(-10)).
5
List the prime factors of -4*(-9)/(-6) + 3277.
3271
Let p = 32 - 24. List the prime factors of (0 - 9)*-1*264/p.
3, 11
Suppose 170 = 15*v - 55. Suppose w - 4128 = -v*w. List the prime factors of w.
2, 3, 43
Let z = 109 - 107. Suppose 7*m = -z*m + 1611. List the prime factors of m.
179
Let h = 6 - 28. Let t = 148 + h. List the prime factors of t.
2, 3, 7
Let b(v) = v**3 + v**2 + v + 56. Suppose -5*r = -2*r + r. List the prime factors of b(r).
2, 7
List the prime factors of (421260/(-49))/(-4) - (-2)/(-7).
7, 307
Let l = -172 - -611. What are the prime factors of l?
439
Let p(g) = 3*g**2 + 4*g + 712. What are the prime factors of p(0)?
2, 89
Let x(q) = 9*q + 41. Let t be x(-4). Suppose 68 = t*b - 127. List the prime factors of b.
3, 13
Suppose -7*x = -3*x - 8. Suppose k - 3*k - 4 = 0, 4*g - x*k = 116. Let y = g - 6. What are the prime factors of y?
2, 11
Let f be 16/(-24) - (-17)/3. Suppose -264 = -x - 2*x + 3*m, 0 = -2*x - f*m + 176. What are the prime factors of x?
2, 11
Let m be -7 - (2 - -2 - 5). What are the prime factors of ((-2)/7)/(m/42)?
2
Suppose -4*v = v - 4*y - 37, 32 = 4*v - 4*y. Suppose -4*a + v - 125 = 0. Let s = -1 - a. List the prime factors of s.
29
Let k = 126 - 5. Let s = 215 - k. Let w = s - 57. What are the prime factors of w?
37
Let m(u) = u - 2. Let t be m(6). Suppose 2*h - 23 = -3*n, -3*n + 4*h + t - 5 = 0. Let x(c) = 4*c - 1. What are the prime factors of x(n)?
19
Let g(y) = -y**3 + 27*y**2 - 23*y + 54. What are the prime factors of g(26)?
2, 3, 11
Let t = 248 + -158. List the prime factors of t.
2, 3, 5
Suppose 2*d - 43 = 177. What are the prime factors of (-1)/3 - d/(-33)?
3
Let f(u) = 9 - 8*u + 8 - 2. Let y be f(6). Let m = 83 + y. What are the prime factors of m?
2, 5
Suppose -4*l = 4901 - 15829. What are the prime factors of l?
2, 683
Let w(h) = -h**3 + 3*h**2 - 3*h - 10. Let s be w(-5). What are the prime factors of s + (0/(-1) - (-2)/2)?
2, 103
Let w be (-1)/((-2)/((-24)/(-4))). Suppose 5*s + 0*s = 5*d - 340, -w*s = 3*d - 210. List the prime factors of d.
3, 23
Let c(o) = -199*o - 107. List the prime factors of c(-1).
2, 23
Let f(g) = 2*g**3 + 3*g**2 - 3*g + 1. Suppose -21*k = -25*k + 8. Let r be f(k). Suppose -42 - r = -5*y. What are the prime factors of y?
13
Suppose 2*r = -3*r + 2*z + 17, z = 3*r - 11. Let q(s) = 2*s**2 + 6*s - 10. What are the prime factors of q(r)?
2, 5, 7
Let h(d) = -75*d - 704. What are the prime factors of h(-14)?
2, 173
Let f(b) be the second derivative of -b**4/12 + 3*b**3/2 - 9*b**2/2 - 5*b. Let a be f(7). Suppose -a*p + 32 = -63. List the prime factors of p.
19
Let q = 502 + -37. List the prime factors of q.
3, 5, 31
Suppose n + 3*i - 405 = 0, 10*i - 7*i + 1239 = 3*n. List the prime factors of n.
3, 137
List the prime factors of 1808/6 - 18/(-27).
2, 151
Suppose f + u = -77, -3*f - 166 = -f - u. Let h(q) = -3*q**2 + 6*q - 4. Let b be h(5). Let r = b - f. List the prime factors of r.
2
Suppose 0*u = 4*u. Let x be (0 + 0)/(u + 2). Suppose f = i - 6, x = 3*f - 6 - 6. What are the prime factors of i?
2, 5
Suppose -3*z = -15, 0 = f - 3*z + 8*z - 29. Suppose f*j = 27 + 129. What are the prime factors of j?
3, 13
Let m(k) = -9*k**3 + 2*k**2 + 3*k + 26. What are the prime factors of m(-5)?
2, 593
Let c(f) = 53*f + 4. Let v be c(-1). Let p be -1 + -1 + 4 - 37. Let b = p - v. What are the prime factors of b?
2, 7
Let a(z) = 15*z + 157. What are the prime factors of a(28)?
577
Let n(i) = 0 - i**2 + 1 - 2*i**2 + 0. Let c be n(-1). What are the prime factors of (6/(-15))/(c/50)?
2, 5
Let s = 37 - 77. Let i = -32 - s. What are the prime factors of i?
2
Let a(h) = 18*h + 26. List the prime factors of a(10).
2, 103
Let m(g) = 39*g**2 + 0*g + 144 - 144 + g. What are the prime factors of m(-1)?
2, 19
Suppose -8*k + 11*k = 921. Let q = k + -213. What are the prime factors of q?
2, 47
Let g(j) = -j**2 - 5*j + 8. Let v be g(-6). Suppose 2*n - 54 - v = 0. Suppose 5*k - 153 = -n. List the prime factors of k.
5
Let q(s) = s**3 - 13*s**2 + 15*s + 21. List the prime factors of q(17).
2, 179
Suppose 4*s = 3*s + 1470. Suppose -w + n - 1455 = 0, -7*n - s = w - 3*n. List the prime factors of w/(-30) - 2/(-5).
7
Suppose -3*j + 8442 = 4*f, -7*j - f = -9*j + 5617. List the prime factors of j.
2, 5, 281
Suppose 161 = 4*b - 5*f - 46, 0 = b + 4*f - 57. Let g = 129 - b. What are the prime factors of g?
2, 19
Suppose -2*p + 7*p + 2*v - 1782 = 0, 0 = 3*p - 2*v - 1082. What are the prime factors of p?
2, 179
Suppose 243*w = 277*w - 14790. List the prime factors of w.
3, 5, 29
Suppose 2*z - 2 = 6. Suppose 0 = 5*u + c - 46, z*u - c - 37 = -2*c. Let b(f) = -f + 18. List the prime factors of b(u).
3
Let a = 402 + 1260. List the prime factors of a.
2, 3, 277
Let i(h) = 10*h**2 - 12*h + 2. Let p be i(5). Suppose 0 = 3*q + q - p. Let n = q - 28. What are the prime factors of n?
2, 5
Let f be (-3 - -4)/(2/(-66)). What are the prime factors of (-2667)/f - 8/(-44)?
3
List the prime factors of (-16)/440*-11 + 4853/5.
971
Suppose 347 = 17*d - 163. Suppose 82 - 10 = 4*a - 3*o, 0 = -a - o + 11. What are the prime factors of (10/a)/(2/d)?
2, 5
Let m(d) = -5*d + 9. Suppose 0 = -4*n - 0*n - 20. Let y be m(n). Suppose -4*r + 36 = -5*l, -4*r + y + 6 = -4*l. What are the prime factors of r?
2, 7
Let o = 11908 + -6618. List the prime factors of o.
2, 5, 23
List the prime factors of 1*(-12568)/(-24) - (-3)/9.
2, 131
Let r = -1 + 4. Let f(p) = -26*p**3 - p. Let c be f(-1). Let k = r + c. What are the prime factors of k?
2, 3, 5
Let s be 4*(0 + 6/(-8)). Let f = 5 + s. Suppose 98 = 4*p - f. What are the prime factors of p?
5
Let s = -17 - -19. Suppose s*d = -6 - 0, 3*f - 3*d = 45. What are the prime factors of f?
2, 3
What are the prime factors of (5/(-5) - -701) + 6?
2, 353
Let s(l) = 2*l**2 - 2*l - 2. Let z be s(2). Let q = 27 - -6. Suppose 2*c = -3*o + 68, c + 0*o = -z*o + q. What are the prime factors of c?
37
Let w = 1 + 6. Let d(a) = 45*a - 1 - 100*a + 51*a + a**2. List the prime factors of d(w).
2, 5
What are the prime factors of -2 - 12/(-4) - -1*16?
17
Suppose 5*o = -5*n + 35, -5*n + n = -3*o + 42. Suppose -4 = -2*g + 2*j - 0*j, g - 5*j = -o. List the prime factors of g.
5
Suppose 0*c + 72454 = 17*c. List the prime factors of c.
2, 2131
Let k = 283 + 0. What are the prime factors of k?
283
Let h(b) = 560*b + 207. What are the prime factors of h(7)?
4127
Let k(c) = 17*c + 12. Let f be 4/12 + (-68)/(-12). Let l be k(f). What are the prime factors of l/12*(-2)/(-1)?
19
List the prime factors of (-1 + -47)/(-8) + 150.
2, 3, 13
Suppose 4*d - 352 = -80. Suppose 2*z = c + c + d, -4*z - c + 111 = 0. List the prime factors of z.
29
Suppose -806 - 1130 = -2*y. What are the prime factors of y?
2, 11
Suppose 125 = -2*u - 21. Let f = u - -103. Suppose -4*y + 5*y = f. List the prime factors of y.
2, 3, 5
Let g(t) = 24*t + 318. What are the prime factors of g(25)?
2, 3, 17
Suppose 4*o = i - 3